2*b**3 + 2*b**2 + 3*b + 8. Let m be v(-3). Suppose 0 = -2*r - 4*d - 46, -5*d - 2 = 13. Is r*m*(1 - 2) prime?
False
Suppose -3*f = -4*i - 68, -28 = -2*f + 5*i + 15. Suppose f*t = -5*t + 190327. Is t composite?
False
Is (-4)/(8/(-22)) - (-779868)/29 composite?
False
Let d(u) = -656*u**3 + 2*u**2 + u - 5. Suppose -2 = 58*q - 57*q. Is d(q) prime?
False
Suppose 43*q = 32*q + 3850. Suppose -14 = 3*s - 4*v, 2 = -3*s + 2*v - 2. Suppose s*g - q = 428. Is g a composite number?
False
Suppose -54*a + 20*a + 8568 = 0. Suppose 5*m - 5 = s, 15 - 5 = -3*m - 2*s. Suppose 3*c + 9 = m, 4*c + a = 2*v + 2*c. Is v composite?
True
Let u(b) = 138*b**3 - 6*b**2 + 20*b - 15. Let x be u(6). Suppose 2*i - x = -7219. Is i a composite number?
False
Let h = -13712 - -2364. Let x = -7717 - h. Is x prime?
True
Suppose -5*t - 206834 = -o + 709966, 0 = -4*o - 4*t + 3667224. Is o a prime number?
False
Let p be 1934*3*4/(-12). Let r be (19672/2 + 1)*(-76)/(-228). Let j = r + p. Is j a composite number?
True
Let a = 41 - 37. Suppose 27 = a*j - x, x = -x - 6. Is (j/3)/(-2)*-499 composite?
False
Let b(r) = -1216*r + 5805. Is b(-46) composite?
True
Suppose 3*g + 3*i + 12 = 0, 0 = -2*g + 3*i - 10 - 13. Let t = g + 39. Suppose 6 = -2*l, -l - t + 498 = b. Is b composite?
True
Let z(f) = 126*f**2 + 21*f + 29. Let p be z(-7). Suppose -589 - p = -5*i. Is i prime?
False
Suppose -p = -6*p + 5*z - 70, 3*z - 15 = 0. Let j(h) be the third derivative of -19*h**4/12 - 25*h**3/6 + h**2 - 11*h. Is j(p) composite?
False
Let a = -505197 - -1017466. Is a composite?
False
Let h(q) = -q + 150. Let a(p) = 23*p - 18. Let v be a(1). Is h(v) a composite number?
True
Suppose -5*t - 4 = -64. Suppose 5*m - 2*f = f - t, 5*m + 16 = 4*f. Suppose -5*h - v - 3*v + 1883 = 0, m = -5*h - 3*v + 1886. Is h prime?
True
Let o(k) = -k**3 + 4*k**2 + 5*k + 5. Suppose 14*s - 10 = 12*s. Let m be o(s). Suppose b - 180 = -5*z + 98, -2*b - m*z + 541 = 0. Is b prime?
True
Suppose 7*q - 4*q - 5*l = 29, -5*q - 5*l + 35 = 0. Let v = 38 + -37. Is q/(9 - 5) + 1161/v prime?
True
Suppose 4*a - 2*y - 66 = 0, 6*a - 55 = a - 3*y. Let w = a + -23. Is (4926/w)/((-6)/9) a composite number?
False
Let o(t) = -45*t**3 + 37*t**2 + 9*t + 4. Let b be o(-13). Suppose 0 = 2*m, 6*m + b = 5*h + 10*m. Is h composite?
False
Let m(n) = n**3 - n - 25. Let d be m(0). Let i = -16 - d. Let z(u) = -u**3 + 11*u**2 - 9*u + 6. Is z(i) composite?
True
Let f(u) = -843*u**3 + 9*u**2 + 17*u - 49. Is f(-6) prime?
True
Let n = 36 - 37. Let q be 315/30 - n/(-2). Let o(d) = 4*d**2 + 12*d + 1. Is o(q) prime?
True
Is ((-5 - -6)*-1*563327)/(-2)*2 a composite number?
False
Let u be (-18)/36*(-8)/(-1) + 6678. Suppose -3*i = 5*r - 4997, -4*i + 0*i - r = -u. Is i prime?
True
Let a(x) = x**3 - 17*x**2 - x + 20. Let n be a(17). Is ((-2825)/20)/(n/(-12)) a prime number?
False
Suppose -9*x + 175454 - 61775 = 0. Let i = x + 370. Is i composite?
False
Suppose 2*o - 8 = -4*a + 22, -2*a = -o - 5. Suppose -o*p - 10431 = 3*v, -3*v + 9267 = -4*p + 906. Let n = 3097 + p. Is n composite?
False
Let n = 557540 + -231897. Is n a prime number?
True
Suppose 0 = -6*p + 17 + 13. Suppose p*r - 27978 = 3*r. Is r prime?
False
Suppose -169966 = 6*h - 40948. Let o = -10830 - h. Is o a prime number?
False
Suppose 2*g - 5*g = 3*y - 164004, -3*g = 5*y - 273338. Is y composite?
False
Let c(d) = -36*d**2 + 8*d. Let g be c(-3). Let z = -227 - g. Is z a prime number?
False
Let w be -513 + (2/6)/((-10)/90). Let m = w + 1103. Is m prime?
True
Let w be (0/4 - -2)*-1. Let u be ((-11)/(-22))/(w/12). Is u/5 - (-25156)/10 a prime number?
False
Let w(k) = 14*k**3 - 2*k**2 - 24. Let s be w(-4). Let r = s - -1671. Is r a prime number?
True
Let k(j) = 60*j**3 - j**2 + 4*j - 3. Let y be k(1). Let g = y - 43. Let v = 70 - g. Is v a prime number?
True
Suppose -b + 20749 = -0*x + 2*x, 2*b - 41504 = -2*x. Suppose 0 = 4*n + 3*n + b. Let a = -1746 - n. Is a prime?
False
Is 4516473/25 + 136/1700 a composite number?
True
Let q(k) be the first derivative of k**4/4 + 2*k**3 - k**2/2 - 2*k + 1. Let f be q(-6). Is ((-6197)/4)/((-2)/f)*2 a prime number?
True
Let p = -18 - -18. Suppose p = 5*n - 10 - 5. Suppose -n*l + l = -1318. Is l composite?
False
Let l(n) = -7*n**2 + 7*n + 6. Let t be l(-1). Is (-7)/((-21)/(-4))*4308/t a prime number?
False
Let n(j) = 51*j**2 - 44*j + 36. Let x(h) = -10*h**2 + 9*h - 7. Let a(r) = -2*n(r) - 11*x(r). Let y be a(5). Is (-24)/(-6) + y/2 prime?
True
Suppose -2*t - 24 = -5*s, 2*t - 36 = -s - 4*s. Let n be ((1067 - 2) + 5)*2/5. Suppose -2*v - 3*j = -n, s*j - 8 = 2*j. Is v a prime number?
True
Suppose k - 9 = h - 3*h, -3*k + 2 = h. Suppose 13153 = h*z - 5892. Is z a composite number?
True
Let l = 34540 - 6459. Is l a prime number?
True
Let h(x) = 5*x + 3. Let n be h(0). Suppose 4*z = -3*d + 107, -z + 7 = -n*d - 1. Is z prime?
True
Let y = 229709 - -267432. Is y prime?
True
Suppose 54 = -8*a - 10*a. Is 10/15*2886 + a prime?
False
Let z = -34816 - -67257. Is z prime?
True
Suppose 4*c - 5*c + 2*l = 3394, -4*c - 4*l - 13516 = 0. Let m be 8/10 + (4 - c/20). Suppose q - 13 = m. Is q prime?
False
Suppose 18366 = l - 3*g, 4*l - 73481 = g - 6*g. Suppose 18672 = 3*x - l. Is x prime?
True
Let w = -17208 + 92461. Is w prime?
True
Let j = -469579 + 830913. Is j prime?
False
Let g(r) be the first derivative of 241*r**4/4 - 4*r**3/3 - 3*r**2/2 + 7*r + 23. Is g(3) prime?
True
Suppose 7*t - 4*i = 6*t + 18, -3*t + 4*i = -22. Let d be 1863 - (-2 - -6) - (-3 + t). Suppose -22 = -2*k + d. Is k a composite number?
False
Is (-927)/12*21004/(-267) composite?
True
Let c be 15*((-65)/25 + 3). Suppose f - c*f = -15. Suppose -f*o - z + 2214 = -2*z, -2*z = 6. Is o a prime number?
False
Let i = 201 + -187. Suppose 0 = i*f - 57274 - 15456. Is f prime?
False
Suppose 38*u = 2*u + 1906668. Is u composite?
False
Suppose n + 7 = -5*i, 0*n = 3*n + 4*i + 21. Is (-11 - 80/(-7)) + (-11176)/n a composite number?
False
Let n(k) = -k**3 - 3*k**2 - 18*k - 33. Let p be n(-3). Suppose -16051 = -28*f + p*f. Is f a prime number?
True
Suppose -81*z + 592104 = -592197. Is z prime?
True
Let m(n) = -227*n + 10*n - 104*n + 101 - 143*n + 17*n. Is m(-14) a composite number?
False
Let w(j) = -j + 6. Suppose 33 = 4*p + 3*u, -3*p + 3 = -4*u - 3. Let i be w(p). Suppose -o = 5*q - 461, 5*o - 2*q = -i*o + 2413. Is o composite?
True
Let a be 32/48*(-6)/(-1) - 6. Is 3 + (-110004)/(-18) + a/(-3) a prime number?
False
Suppose -u = 20*k - 18*k - 2237, 5*u - 11191 = -4*k. Let q = u + 2422. Is q composite?
True
Let n = 33302 + -24883. Is n prime?
True
Suppose 3*a + 10*d - 93043 = 9*d, 0 = a - 3*d - 31001. Is a a prime number?
True
Is (0 - (-3)/(-4))*91755024/(-2844) a composite number?
False
Let t(x) = 16*x + 2. Let g be t(3). Suppose -n - g = -19. Let d = n - -65. Is d a composite number?
True
Suppose -4*d = 4*t - 2642368, 660598 = 55*d - 54*d + 3*t. Is d a prime number?
True
Suppose -x + p = 4*x - 117, -4*p = 4*x - 108. Is 8/x - (-704)/12 prime?
True
Suppose 0 = 3*h - 5*o + 16, 2*h - 29 = -5*o + 2. Suppose -h*g = -8 - 4. Suppose g*y = -5*f - y + 815, -652 = -4*f + 3*y. Is f prime?
True
Let h be (-14486)/(-8) - 2/(-8). Suppose 0 = -36*k + 109 + 107. Suppose 859 = k*m - h. Is m a composite number?
True
Let h = -25 - -23. Let l(s) = -265*s + 0 + 161*s + 3. Is l(h) a prime number?
True
Suppose 2*j + 6 = 8. Let a(o) = 2*o - 2. Let h be a(j). Suppose h = q - 298 + 47. Is q a prime number?
True
Suppose 58*s - 54*s - 16668 = 0. Let t = s + -2149. Is t prime?
False
Let t(o) be the second derivative of -31*o**5/20 + o**4/6 - 4*o**3 + 2*o**2 + o + 29. Is t(-5) a prime number?
True
Suppose -3*d + 23*d = 0. Suppose -8*i + 18031 + 13537 = d. Is i a composite number?
True
Let x(y) = 25*y**2 - 49*y + 4108. Is x(75) composite?
True
Let t = 4816 + -2226. Suppose 24*r = 26*r + t. Let x = 1926 + r. Is x a prime number?
True
Let c be (-773)/(32/48 - 35/51). Let t = -25208 + c. Is t prime?
False
Suppose -288849 = 116*m - 127*m. Is m composite?
True
Let p(h) = 211*h**3 + 35*h**2 - 77*h - 115. Is p(12) composite?
False
Let j(i) = -i**2 - 9*i - 16. Let v be j(-5). Is v + (7 - 65628/(-6)) a prime number?
True
Suppose 22*p = 17*p - i + 442292, 0 = -4*p - 4*i + 353824. Is p prime?
False
Let w(t) = 215*t**3 - 8*t**2 + 39*t + 1. Is w(6) a composite number?
True
Suppose -2*b + 2847 + 11703 = 0. S